 = 26 + -24. What is m(v)?
1
Suppose -12*x + 41 = -7. Let d(y) = -y**3 + 5*y**2 - 4*y + 3. What is d(x)?
3
Let m = 34 - 59. Let h = m + 18. Let q(u) = 2*u + 9. What is q(h)?
-5
Suppose -4*w = -4*b - 8, b + 14 = 3*w + 4. Let i(d) be the first derivative of -d**b - 1/4*d**4 + d**3 - 3 + 2*d. Determine i(3).
-4
Suppose 4*w = q + 21, -4*w - 5 = -5*w. Let y be 0 - -1 - 1/(-1). Let p(f) = 2 - 1 + 0 + 7*f**y. Determine p(q).
8
Let z = 49 - 56. Let d(u) = u**2 + 6*u - 2. Calculate d(z).
5
Let u(g) = 3*g + 17. Let y be u(-4). Let r(t) = -t**3 + 6*t**2 - 6*t + 1. What is r(y)?
-4
Let f(z) = z + 2. Let p be f(-3). Let k(s) be the first derivative of -8*s**3/3 - s**2/2 - 11. Give k(p).
-7
Let o(p) = -2*p**2 + 13*p - 16. Let c = -13 - -19. Let z(b) = b**2 - 7*b + 8. Let j(t) = c*o(t) + 11*z(t). Determine j(0).
-8
Let b(d) = -d**2 + 11*d - 11. Let x(v) = -v**2 + v. Let f(i) = -b(i) + 2*x(i). Calculate f(-10).
1
Let h(i) = -3*i - 6. Let z = 54 - 59. Determine h(z).
9
Suppose -3*t = 2*t. Suppose 5*h - 3*h = t. Let n(q) = 2*q**2 - 9*q - 1. Let z(a) = a**2 - 5*a. Let r(o) = -4*n(o) + 7*z(o). Give r(h).
4
Let v(y) = -y + 2. Suppose -3*h - 3*b = -33, -2*b = 3*h + 2*b - 37. Let a = h - 5. Suppose g = -a*g + 9. Determine v(g).
-1
Let v(x) = -x**3 - 2*x**2 + 0*x**3 - 1 + 0 + 2*x. Let w be (-2)/7 - 95/35. Determine v(w).
2
Let c = -2 - -4. Let a be (c - -4)*1/(-2). Let f(p) = 3 - 4*p**2 + p**2 + 2*p**2 - 2*p. Determine f(a).
0
Let j(m) be the third derivative of 0*m**3 + 0*m + 3*m**2 + 1/360*m**6 - 1/24*m**4 + 0 - 1/24*m**5. Let k(s) be the second derivative of j(s). What is k(4)?
3
Let y(p) = -2*p**2 + 3*p - 1. Let m(v) = 4*v - 29. Let u be m(8). Calculate y(u).
-10
Let z(n) = 9*n**2 + 14*n - 17. Let x(s) = 5*s**2 + 7*s - 9. Let j(b) = 7*x(b) - 4*z(b). Give j(-6).
11
Let h(a) = -2*a - 4. Let i = 15 - 8. Let o = -1 + i. Let q(r) = -r + 2. Let v be q(o). Calculate h(v).
4
Let w(a) = a - 3. Suppose 5*i - 14 = 1. Let o be w(i). Let v(k) = -k**3 - k**2 - k + 5. Give v(o).
5
Let o be -3 + (-1 + -3)/(-4). Let d(y) = -5*y. Calculate d(o).
10
Let p(x) = -10*x - 6. Let v(i) = -3*i - 2. Let n(t) = 2*p(t) - 7*v(t). What is n(-4)?
-2
Let w(x) = x**3 + 4*x**2 + x - 3. Let z be w(-3). Suppose -39 = 4*i + z*p, 2 = 3*i - 4*p - 0*p. Let r(l) = l + 2. Calculate r(i).
-4
Let d(k) = -2*k**2 + k - 1. Let m be d(2). Let g = m + 11. Let u(f) = -2*f + 0*f + 3*f - 9. Calculate u(g).
-5
Let q(k) = k**2 + 8*k + 8. Let c be -2 + (2 - 1) - (-10 + 16). What is q(c)?
1
Let j(s) = -2*s**2 + s - 4. Let p(l) = -3*l**2 - 5. Suppose 3*q - 39 - 24 = 0. Let r be 4/20 - q/5. Let f(x) = r*j(x) + 3*p(x). What is f(-3)?
4
Let c(z) be the first derivative of 5/24*z**4 + 3/2*z**2 + 3 + 0*z - 1/60*z**5 + 0*z**3. Let b(j) be the second derivative of c(j). What is b(3)?
6
Let o(n) = n**3 + 4*n**2 + n - 4. Let v = 24 - -10. Suppose 2*t - 4*k - 2 = k, -4*k - v = 2*t. Let m = t - -5. What is o(m)?
-8
Let l(c) = 9*c - 4. Let f(d) be the first derivative of 4*d**2 - 3*d + 1. Let k(w) = 6*f(w) - 5*l(w). Let m be (3/(-4))/((-3)/(-12)). Determine k(m).
-7
Let d(b) be the second derivative of -2*b - 3*b**2 + 5/12*b**4 + 1/20*b**5 + 0 - 1/3*b**3. Let r = 25 - 30. Calculate d(r).
4
Let g(k) be the third derivative of k**6/120 + k**5/15 + k**3/3 - 7*k**2. Give g(-4).
2
Suppose 2*d = 3*f - 2*f - 8, 0 = -5*f - 2*d + 16. Let y(c) = c**3 - 1. Let v(b) = -2*b**3 - 5*b**2 + 5*b + 2. Let g(h) = v(h) + 3*y(h). Calculate g(f).
3
Suppose -9 = k + v, 0*v = -k - 2*v - 13. Let t be (-2)/7 + 10/35. Let g(x) = -x - 4 + 4*x + t*x - 5*x. Calculate g(k).
6
Let v(h) = h + 14*h**2 - 2 - 2 - 7*h**2 + h**3 - 3. What is v(-7)?
-14
Let f(q) = 3*q**2 - 3*q + 1. Let y be f(2). Suppose k + g - 3 = -3*k, 0 = -4*k - 3*g - y. Let i(h) = 3*h + 1 - k*h - 5*h + 0. Determine i(1).
-3
Suppose 0 = 2*n + n + 18. Let r(l) = -l**3 - 7*l**2 + 3*l + 6. Let b be r(-7). Let h be 2/n + (-50)/b. Let v(m) = m**3 - 2*m**2 - m - 2. Give v(h).
4
Suppose -3*w + 4*w = 13. Suppose -5*c + 2*q = -2, -2*c + w = 3*q - 3. Suppose -7*b = -c*b. Let r(l) = l + 9. Calculate r(b).
9
Let u be 3*7/((-21)/(-4)). Let z be (-1 - u/(-8))*6. Let y(x) = x**3 + 2*x**2 - x - 2. Give y(z).
-8
Let n(r) = -2*r - 11. Let y be 0 - (-10)/8*8/(-2). Determine n(y).
-1
Let p = -19 + 32. Suppose 3*x - 1 = -p. Let a(o) = -o**2 - 2*o - 6. Determine a(x).
-14
Let u(n) = 2*n**2 - 4*n - 5. Let h(f) = f**3 + 5*f**2 + 2*f + 2. Let y be h(-4). Let p be (-12)/y*30/(-9). Calculate u(p).
11
Let c(a) = -4*a**2 + a. Let p(f) = f**3 + 10*f**2 - 11*f + 2. Let z be p(-11). Calculate c(z).
-14
Let x(f) = -f - 3 - 4*f**2 + 3*f**2 + 7*f + 0*f. What is x(5)?
2
Let g(j) = j**2 + 4*j + 4. Let a(z) = -10*z**2 + 39*z + 17. Let o(l) = 3*l**2 - 13*l - 6. Let m(x) = -2*a(x) - 7*o(x). Let i be m(14). Determine g(i).
16
Let o = 143 + -137. Let b(m) = -m**2 + m + 1. Determine b(o).
-29
Let p(f) = -f + 2. Let a be p(-2). Let c(x) = -5 + 1 + 3*x - 2. Calculate c(a).
6
Let x(l) = l**2 + 6*l - 9. Let b(i) = i - 16. Let z be b(9). Let o be x(z). Let v be o/5 + (-46)/10. Let y(q) = q - 2. Determine y(v).
-7
Let t(s) = s**2 + 2*s + 4. Let j be (0 - 30/9)/(2/3). What is t(j)?
19
Let b(t) be the third derivative of 0 + 0*t + 7/120*t**5 + t**2 - 1/360*t**6 - 1/8*t**4 + 1/3*t**3. Let x(y) be the first derivative of b(y). What is x(5)?
7
Let j(m) = 6*m - 21. Let w(c) = -3*c + 11. Let g(y) = 4*j(y) + 7*w(y). Let a(r) = -r**2 - 7*r - 5. Let z be a(-5). Calculate g(z).
8
Let p = -4 + 3. Let l be (0 - p)/((-4)/20). Let s(d) = d**2 - 8*d - 1. Let n(c) = 2*c**2 - 9*c. Let m(j) = 2*n(j) - 3*s(j). Calculate m(l).
-2
Let n(h) be the third derivative of h**6/120 - h**5/12 + h**4/24 + 2*h**3/3 - 3*h**2. What is n(4)?
-8
Let b(f) be the third derivative of f**6/120 + f**5/20 - f**4/12 - 16*f**2. Calculate b(-4).
-8
Suppose -49 = 4*b - 49. Suppose 0 = -2*r + 5*i + 31, -3*i = 3*r - 6*i - 24. Let c(g) = g - g**2 - 4*g + 2*g - g**r + 6. Give c(b).
6
Let z(g) = -2*g - 7. Let u(d) = d + 1. Let k(v) = 4*u(v) + z(v). Let t(w) = -w**3 - 21*w**2 + 23*w + 26. Let p be t(-22). Calculate k(p).
5
Let v(s) = 2*s**2 + 2*s - 1. Suppose -12 = -3*r - 0*r. Let j be 35/14*r/(-5). What is v(j)?
3
Suppose 3 = 3*i - 2*i. Suppose 0 = i*h - 10 + 1. Let y(q) = q**2 - 2*q + 4. What is y(h)?
7
Let h(o) be the third derivative of -o**6/120 + o**5/12 - o**4/12 + o**3 + 7*o**2. Give h(5).
-4
Let v(u) = -u. Suppose 0 = k + 4*g - 16, -k - g - 1 + 5 = 0. Suppose 2*p + 10 + 4 = k. Determine v(p).
7
Let g(c) be the third derivative of -c**5/60 - 7*c**4/24 - c**3/3 - c**2. Suppose 2*f + 2*f - 2 = 2*n, 3*f + 4 = -4*n. Let z be -1 - (n - 8)/(-3). Give g(z).
10
Let m(t) = 3*t - 8. Let y(s) = 2*s - 8. Let n(a) = 3*m(a) - 4*y(a). What is n(-5)?
3
Let v(t) = -t**2 - 12*t - 24. Let m be v(-9). Let l(s) = -s**2 - 3*s. What is l(m)?
-18
Suppose 8 = -3*q - p + 3, 3*q + 3 = -3*p. Let j be ((-3)/q - 2)*6. Let m(f) = f + 5. Give m(j).
2
Let a(t) = -t - 1. Let u(x) = -2. Let z(y) = -4*a(y) + 4*u(y). Suppose 0 = 25*c - 26*c + 4. Determine z(c).
12
Let w(x) = -12 - x + 21 - 7. Calculate w(2).
0
Let h(c) = -5*c**2 - 4*c**2 + c**3 + 8*c**2. Let g be ((-18)/12)/((-3)/4). Suppose -6 = g*u - 3*n, -n = 3*u - 4 + 2. Give h(u).
0
Let b(h) be the third derivative of 1/6*h**5 + 1/6*h**3 + 1/12*h**4 + 0*h + 2*h**2 + 0. Let q = -3 + 2. Calculate b(q).
9
Let s(x) = -15*x + 3. Let d = 14 - 36. Let j(i) = 4*i - 1. Let y(o) = d*j(o) - 6*s(o). Determine y(3).
10
Let u = 67 + -67. Let w(s) be the third derivative of 7/24*s**4 + 3*s**2 + 0 + 0*s**3 + u*s. Calculate w(1).
7
Let t be ((-5)/(-20))/(2/56). Let w = 0 + t. Suppose -4*v = -w*v + 18. Let z(l) = -l + 6. What is z(v)?
0
Let m(u) = u**3 + 3*u**2 - 3*u + 7. Let t be m(-4). Suppose -3*d + 6 = -0*d. Let g(o) = o + o - o**2 + d - 4. Calculate g(t).
-5
Let d = 1 - 6. Let g(t) = 7*t**2 + 3*t**3 + 2*t**3 + 6*t - t**2 - 4*t**3. What is g(d)?
-5
Suppose 2*h - 3 = 1. Let r(b) = -5 + 19*b**2 - 2*b + 3 + 0 - 16*b**2. Calculate r(h).
6
Let f(x) = 2*x**2 - 7*x + 1. Let h = 20 - 16. Let m(v) = -3*v**2 + 8*v. Let o(q) = h*f(q) + 3*m(q). Determine o(-5).
-1
Let m = -12 + 6. Let f(a) = -a - 2. Let r be f(m). Suppose 1 + 12 = -t - 3*b, 4*b + 12 = r*t. Let s(w) = 5*w**2 + 1. Give s(t).
6
Let b(a) be the second derivative of -a**8/6720 + a**7/630 + a**6/144 - 7*a**5/120 - a**4/3 + 3*a. Let